- 77. Let g be x(-1). Calculate the greatest common factor of 2 and g.
1
Suppose 4*j + 110 = -2*w, -5*w - 45 = 2*j - 10. Let i = -24 - j. Calculate the greatest common divisor of 48 and i.
6
Suppose 5*i = 3*i + 48. Suppose 0*o - i = -3*o. Calculate the greatest common divisor of o and 56.
8
Suppose -4*h + 5 = 3*m, h - m = 3*m + 25. Suppose -h*z + 18*z = 1690. What is the highest common divisor of 5 and z?
5
Let x = 10 + 0. Let d be -2 + (-1 - -94 - 1). Calculate the highest common factor of x and d.
10
Suppose 4*d - a = -24, d - 7 = -0*a - 3*a. Let u = 13 - d. What is the greatest common factor of u and 6?
6
Let a(n) = 20*n + 165. Let c be a(-7). What is the greatest common factor of 25 and c?
25
Let w(q) = -q**3 - 6*q**2 + 4*q - 8. Let g be -1*1*(11 - 4). Let h be w(g). Calculate the highest common factor of h and 104.
13
Suppose 1559 - 4519 = -8*r. What is the greatest common factor of 10 and r?
10
Suppose -20*s - 1122 = -31*s. Calculate the highest common factor of s and 12.
6
Suppose 0 = -310*y + 300*y + 580. Calculate the greatest common factor of y and 290.
58
Let x = 282 + -48. Calculate the highest common factor of 546 and x.
78
Let g be (-1)/((-988)/(-2338) - 18/42). Let v = -152 + g. Let q be 1 - (1 + 15/(-1)). What is the highest common divisor of q and v?
15
Suppose 4*w + 0*w = 16. Suppose -w*g + 11 + 89 = 0. Suppose -3175 = -499*u + 372*u. Calculate the highest common divisor of g and u.
25
Suppose -5*h = -0*h. Let y(w) = 5*w - 126. Let z be y(27). Suppose -m - 19 = -2*l, h*l + m - z = -2*l. What is the highest common divisor of 56 and l?
7
Let r = 311 - 156. Let o = r + -106. Let x = 6 - -1. What is the greatest common divisor of x and o?
7
Suppose -19*l - 860 = -15*l. Let i = l + 221. Let w = -13 - -19. What is the greatest common factor of i and w?
6
Suppose 2*z - 3*z - 10 = 3*a, -a = -z + 10. Suppose z*v = 9*v - 40. What is the greatest common divisor of v and 30?
10
Let w = 11 + -2. Suppose 0 = -5*t + x + 10 + 5, 3*x = 3*t - w. Suppose -3*g + 14 = -2*p, 3*g - p = t*p + 22. Calculate the greatest common divisor of g and 1.
1
Let d = 141 - 81. Suppose -13*s + d = -8*s. Calculate the greatest common factor of 2 and s.
2
Let r = -1 - -5. Let x(b) = b**2 - 7*b - 5. Let g be x(8). Suppose g*h = -4*h + 14. Calculate the highest common factor of r and h.
2
Suppose -295 + 7 = -16*d. Suppose 0 = -4*t - t + 90. Calculate the highest common factor of d and t.
18
Let z(f) = -2*f - 10. Let a be z(-7). Let u be 258/a - 12/(-8). Suppose 8*m = 3*m + 30. What is the greatest common factor of m and u?
6
Let s be (-1122)/(-1) + 0*7/(-49). What is the greatest common factor of 22 and s?
22
Let u = 68 - 48. Suppose 0 = -5*t - u, t - 2*t + 26 = n. Calculate the highest common factor of 270 and n.
30
Let c = -311 + 615. Let n be 4/1 + -10 + 32 + 12. Calculate the highest common factor of c and n.
38
Suppose -3*q + 5 = 2*w + 1, -4*w + 24 = -2*q. Suppose -56 = -2*o - w*o. What is the greatest common factor of 40 and o?
8
Suppose 0 = -9*d + 1218 - 354. What is the highest common divisor of d and 6?
6
Let p be (3 - 3/5)*5/2. Let x be (9 + -11)*p*-1. What is the greatest common divisor of x and 8?
4
Let p(q) = 8*q + 21 - 10 + 4*q**2 - 3. Let i = 5 - 11. Let z be p(i). What is the greatest common divisor of 13 and z?
13
Let u be (-2)/(2 - -12) + (-45)/(-21). What is the highest common factor of 74 and u?
2
Let y = 5 + -2. Suppose -10*l - 11 - 9 = 0. Let o be l/y + 3101/21. What is the greatest common factor of 21 and o?
21
Suppose -5*l - 8*w + 238 = -10*w, -2*l = -2*w - 94. What is the highest common factor of l and 32?
16
Let q(x) = -x**3 + 27. Let l be q(0). Let z = l + 3. Calculate the greatest common factor of z and 90.
30
Let f be (-136)/(-4)*((-5)/2 + 3). Let p be f + 0 + 11/(-11). Calculate the highest common divisor of 24 and p.
8
Let k(w) = -2*w**2 + 21*w + 18. Let z be k(14). Let u = z - -148. Calculate the greatest common factor of 17 and u.
17
Suppose 0 = -14*n + 1092 - 308. What is the greatest common factor of n and 2464?
56
Suppose -6*v - a = -4*v - 26, -40 = -3*v - a. Let p = 15 + -25. Let t be (-4)/p - 1112/(-20). What is the greatest common factor of v and t?
14
Let q(a) = a**2 + 12*a - 10. Suppose -c - 4*c = 70. Let u be q(c). Let i be ((-5)/10)/(3/(-36)). Calculate the greatest common divisor of u and i.
6
Suppose 13*t + 146 + 153 = 0. Let f = t + 36. Calculate the greatest common factor of 221 and f.
13
Let o = 25 + -3. Let m be (-4)/(-38) + (-5763)/57. Let a = m - -167. What is the highest common factor of o and a?
22
Let k(b) = 99*b**2 - b. Let p be k(-1). Suppose -4*z - p = -28. Let l be z/(-4)*(-28)/(-6). What is the highest common divisor of l and 21?
21
Suppose 0 = 9*a - 4*a + 100. Let p be (-1)/4 + (-55)/a*3. Suppose -7*j + 3*w + 160 = -3*j, -4*j + 160 = 5*w. Calculate the highest common divisor of j and p.
8
Suppose 20*v - 486 - 1134 = 0. What is the greatest common divisor of 3969 and v?
81
Let w = -1066 + 1346. What is the greatest common divisor of w and 336?
56
Let s = -7 + 16. Let l = s - 0. Let p be (-4)/(-10) - (-6)/10. What is the greatest common factor of p and l?
1
Let c(d) = -9*d + 1. Let u(w) = -4*w. Suppose 3*g - 6 = -0. Let b(v) = g*c(v) - 5*u(v). Let h be b(3). What is the greatest common factor of 12 and h?
4
Let l be ((-6)/7)/(63/(-147)). What is the highest common factor of l and 9?
1
Suppose -17 = -5*d + 18. What is the highest common factor of d and 63?
7
Suppose -4*w + 7290 = 5*c, 21*w - c = 22*w - 1822. What is the greatest common factor of 56 and w?
28
Let g be 8*(-5)/(-10) - -27. Let d = 39 - g. Calculate the greatest common divisor of d and 20.
4
Let p be (-4)/8*10*-1. Suppose 2*s = 2 + 2. Suppose 0*k + s*k = 70. Calculate the greatest common factor of k and p.
5
Let m(l) = -l**2 - 5*l + 12. Let w be m(-5). Let s = -2 - -2. Suppose s = y - 3*y + w. What is the highest common divisor of 54 and y?
6
Let t(k) = -k**3 + k + 1. Let u be t(-1). Suppose 3*r + 3*n - 3 = -12, 0 = n + 5. Suppose -5*g + r = -3. Calculate the greatest common factor of g and u.
1
Let r(m) = 25*m**2 - 4. Let d be r(3). Calculate the highest common divisor of d and 13.
13
Suppose -1820 = 93*x - 98*x. What is the highest common divisor of 52 and x?
52
Suppose n = -2*n - 1377. Suppose -t = 3 + 1. Let g be n/t + 4/16. Calculate the greatest common factor of g and 46.
23
Let g(t) = -48*t - 80. Let s be g(-16). Calculate the greatest common divisor of s and 86.
86
Let o be -8 - (-2 + -2) - -9. Suppose -b + 3*b = -g + 5, -b - g = -o. Let m be (1 - -3 - 2) + b. Calculate the highest common divisor of m and 3.
1
Let z = 210 + -96. What is the highest common divisor of z and 3648?
114
Let s be 4/10 - 96/(-10). Let y(c) = -12*c + 4. Let p be y(-3). Suppose -2*h + 24 = 2*o - p, 4*o - 2*h = 116. What is the highest common factor of s and o?
10
Suppose 126 = 11*k - 446. What is the greatest common factor of 52 and k?
52
Let u be 7*(-31 - -1)/((-14)/4). Calculate the greatest common divisor of 60 and u.
60
Suppose g = 5*w - 15, 2*w - 5*w + 9 = -4*g. Suppose g = -22*i + 24*i - 116. Calculate the highest common factor of i and 29.
29
Let o(t) = 3*t - 10. Let j(h) = -h**3 + 8*h**2 - 6*h - 1. Let d be j(7). Suppose l = -0*l + d. Let r be o(l). Calculate the highest common divisor of r and 56.
8
Suppose 0 = y - 2*y + 13. Let l = 882 + -504. Suppose 0 = k + h - 134, 3*k - h = 2*h + l. Calculate the greatest common divisor of k and y.
13
Let a(d) = 5*d**3 + 75*d**2 + 5*d + 98. Let x be a(-15). Let f(p) = 9*p**2 - 5*p + 3. Let w be f(3). What is the greatest common divisor of w and x?
23
Suppose 0 = g - 4*q, -2*g - 3 = -3*g + q. Suppose -l + 3 = -1. Calculate the greatest common divisor of g and l.
4
Let n be 4 + (-2 + 902)/6. What is the highest common factor of n and 42?
14
Suppose -5*f - y + 21 = 0, -2*y = -7*y + 5. Let t be 0*(-1)/(-1 + 2). Suppose 2*s - 3 - 20 = 3*c, f*c + 4 = t. What is the greatest common factor of s and 90?
10
Suppose 0 = -17*w + 12 + 39. What is the highest common divisor of w and 6?
3
Suppose -3*y + 2*d + 240 - 95 = 0, 5*y - 5*d = 250. Let s = 17 + -2. What is the greatest common divisor of y and s?
15
Suppose -63 = -10*c + 237. Suppose 49 = 3*i + 5*l - 3*l, -11 = -i + 2*l. What is the greatest common factor of i and c?
15
